{"id":322,"date":"2018-04-15T17:10:43","date_gmt":"2018-04-15T15:10:43","guid":{"rendered":"http:\/\/cacbelgrade.be\/?page_id=322"},"modified":"2022-06-27T20:46:37","modified_gmt":"2022-06-27T18:46:37","slug":"rgpd","status":"publish","type":"page","link":"https:\/\/cacbelgrade.be\/index.php\/legal\/rgpd\/","title":{"rendered":"RGPD"},"content":{"rendered":"<h2 style=\"text-align: center;\"><span style=\"text-decoration: underline;\"><strong><span style=\"color: #ff00ff; text-decoration: underline;\">AVIS IMPORTANT<\/span><\/strong><\/span><\/h2>\n<p style=\"text-align: justify;\"><span style=\"color: #008000;\">Nous portons \u00e0 votre connaissance que depuis le 25 mai 2018, le R\u00e8glement G\u00e9n\u00e9ral sur la Protection des Donn\u00e9es (RGPD) est en vigueur (*)<\/span><\/p>\n<p style=\"text-align: justify;\"><span style=\"color: #008000;\"><span style=\"color: #0000ff;\">Aussi, D\u00e8s votre inscription sur un de nos formulaires, vos donn\u00e9es\u00a0 sont conserv\u00e9es, <span style=\"text-decoration: underline;\">pour une dur\u00e9e d&rsquo;une ann\u00e9e civile,<\/span> dans un fichier central s\u00e9curis\u00e9, sous format \u00e9lectronique, par le D\u00e9l\u00e9gu\u00e9 \u00e0 la Protection des Donn\u00e9es. Tout traitement de celles-ci est consign\u00e9 dans le Registre des Traitement des Donn\u00e9es<\/span>. <span style=\"color: #800080;\">En vertu de la r\u00e9glementation europ\u00e9enne sur la protection contre la fuite des donn\u00e9es personnelles, notre fichier central est conserv\u00e9 sur un support externe non connect\u00e9 et enferm\u00e9 en lieu s\u00fbr. lors de traitement des donn\u00e9es, l&rsquo;ordinateur utilis\u00e9 n&rsquo;est pas connect\u00e9 \u00e0 un r\u00e9seau. <span style=\"color: #ff6600;\">En cas de vol ou de perte du support externe, l&rsquo;autorit\u00e9 \u00e0 la protection des donn\u00e9es sera avertie dans les d\u00e9lais et par la proc\u00e9dure l\u00e9gale.<\/span><\/span><br \/>\n<\/span><\/p>\n<p style=\"text-align: justify;\"><span style=\"color: #993366;\">Vous pouvez demander \u00e0 ce que vos donn\u00e9es personnelles (bien que r\u00e9duites dans notre cas)\u00a0 ne soient pas conserv\u00e9es en cochant la case \u00ab\u00a0NON\u00a0\u00bb qui se trouve sur les formulaires en r\u00e9ponse obligatoire \u00e0 la question concernant vos donn\u00e9es.<\/span><\/p>\n<p style=\"text-align: justify;\"><span style=\"color: #008000;\"> En tant que responsable des donn\u00e9es au sein de notre Asbl, je m&rsquo;engage \u00e0 ne communiquer aucune des informations vous concernant \u00e0 qui que se soit. Comme le pr\u00e9voit aussi le RGPD, vous \u00eates en droit de modifier, de supprimer, ou simplement de prendre connaissance, des donn\u00e9es vous concernant, en notre possession. Pour effectuer cette demande, veuillez<strong> <a href=\"https:\/\/cacbelgrade.be\/index.php\/nc\/\" rel=\"noopener noreferrer\">cliquer ici<\/a>.<\/strong><br \/>\n<\/span><\/p>\n<p style=\"text-align: justify;\"><span style=\"color: #333333;\">Nous r\u00e9duisons au minimum les donn\u00e9es vous concernant en ne demandant que les mentions strictement n\u00e9cessaires \u00e0 l&rsquo;organisation.\u00a0 Nous aurons besoin d&rsquo;un nom, d&rsquo;une adresse et d&rsquo;un num\u00e9ro de t\u00e9l\u00e9phone portable d&rsquo;un responsable de mineur d&rsquo;\u00e2ge pour une activit\u00e9 comme Halloween mais pas pour une inscription \u00e0 un repas.<\/span><\/p>\n<p style=\"text-align: justify;\"><span style=\"color: #008000;\">Au nom de l&rsquo;Organe d&rsquo;Administration,<\/span><\/p>\n<h5 style=\"text-align: justify;\"><span style=\"color: #008000;\">St\u00e9phan Michelet, Pr\u00e9sident de l&rsquo;Organe (Conseil) d&rsquo;Administration, D\u00e9l\u00e9gu\u00e9 \u00e0 la Gestion Journali\u00e8re, et D\u00e9l\u00e9gu\u00e9 la Protection des Donn\u00e9es (DPO).<\/span><\/h5>\n<h6>(*) R\u00c8GLEMENT (UE) 2016\/679 DU PARLEMENT EUROP\u00c9EN ET DU CONSEIL du 27 avril 2016 relatif \u00e0 la protection des personnes physiques \u00e0 l&rsquo;\u00e9gard du traitement des donn\u00e9es \u00e0 caract\u00e8re personnel et \u00e0 la libre circulation de ces donn\u00e9es, et abrogeant la directive 95\/46\/CE<\/h6>\n","protected":false},"excerpt":{"rendered":"<p>AVIS IMPORTANT Nous portons \u00e0 votre connaissance que depuis le 25 mai 2018, le R\u00e8glement G\u00e9n\u00e9ral sur la Protection des Donn\u00e9es (RGPD) est en vigueur (*) Aussi, D\u00e8s votre inscription sur un de nos formulaires, vos donn\u00e9es\u00a0 sont conserv\u00e9es, pour &hellip; <a href=\"https:\/\/cacbelgrade.be\/index.php\/legal\/rgpd\/\">Continuer la lecture <span class=\"meta-nav\">&rarr;<\/span><\/a><\/p>\n","protected":false},"author":1,"featured_media":0,"parent":731,"menu_order":2,"comment_status":"closed","ping_status":"closed","template":"onecolumn-page.php","meta":{"jetpack_post_was_ever_published":false,"footnotes":""},"class_list":["post-322","page","type-page","status-publish","hentry"],"jetpack_sharing_enabled":false,"jetpack_shortlink":"https:\/\/wp.me\/P9lq1t-5c","jetpack_likes_enabled":false,"jetpack-related-posts":[],"_links":{"self":[{"href":"https:\/\/cacbelgrade.be\/index.php\/wp-json\/wp\/v2\/pages\/322","targetHints":{"allow":["GET"]}}],"collection":[{"href":"https:\/\/cacbelgrade.be\/index.php\/wp-json\/wp\/v2\/pages"}],"about":[{"href":"https:\/\/cacbelgrade.be\/index.php\/wp-json\/wp\/v2\/types\/page"}],"author":[{"embeddable":true,"href":"https:\/\/cacbelgrade.be\/index.php\/wp-json\/wp\/v2\/users\/1"}],"replies":[{"embeddable":true,"href":"https:\/\/cacbelgrade.be\/index.php\/wp-json\/wp\/v2\/comments?post=322"}],"version-history":[{"count":17,"href":"https:\/\/cacbelgrade.be\/index.php\/wp-json\/wp\/v2\/pages\/322\/revisions"}],"predecessor-version":[{"id":2847,"href":"https:\/\/cacbelgrade.be\/index.php\/wp-json\/wp\/v2\/pages\/322\/revisions\/2847"}],"up":[{"embeddable":true,"href":"https:\/\/cacbelgrade.be\/index.php\/wp-json\/wp\/v2\/pages\/731"}],"wp:attachment":[{"href":"https:\/\/cacbelgrade.be\/index.php\/wp-json\/wp\/v2\/media?parent=322"}],"curies":[{"name":"wp","href":"https:\/\/api.w.org\/{rel}","templated":true}]}}