{"id":3398,"date":"2023-08-19T07:13:18","date_gmt":"2023-08-19T05:13:18","guid":{"rendered":"https:\/\/cacbelgrade.be\/?page_id=3398"},"modified":"2026-05-12T06:49:12","modified_gmt":"2026-05-12T04:49:12","slug":"reglement-brocante-bovrie","status":"publish","type":"page","link":"https:\/\/cacbelgrade.be\/index.php\/animations\/reglement-brocante-bovrie\/","title":{"rendered":"R\u00e8glement Brocante Bov&rsquo;rie"},"content":{"rendered":"<p style=\"text-align: center;\"><strong><u>BROCANTE DE BOV\u2019RIE \u00a0&#8211; REGLEMENT<\/u><\/strong> \u00a0\u00a0\u00a0 Anno 2026<\/p>\n<p style=\"text-align: justify;\"><strong>Art. 1 :\u00a0 D\u00e9finition de l\u2019espace brocante\u00a0:<\/strong><\/p>\n<ol style=\"text-align: justify;\">\n<li>il est interdit d&rsquo;utiliser l&rsquo;espace public r\u00e9serv\u00e9 \u00e0 des fins de brocantes pour toutes autres activit\u00e9s telles que ventes de boissons, de nourritures ou pour des activit\u00e9s r\u00e9cr\u00e9atives sans l&rsquo;accord \u00e9crit de l&rsquo;organisateur (asbl CAC Belgrade).<\/li>\n<\/ol>\n<p style=\"text-align: justify;\"><strong>Art. 2 : Sont autoris\u00e9s \u00e0 s\u2019installer sur la brocante :<\/strong><\/p>\n<ol style=\"text-align: justify;\">\n<li>les brocanteurs professionnels. On entend par \u00ab\u00a0brocanteur professionnel\u00a0\u00bb, la personne, physique ou morale, qui est titulaire d\u00b4une carte de commer\u00e7ant ambulant et de tous documents requis par la loi pour la vente d\u2019objets d\u00e9t\u00e9rior\u00e9s par l\u2019usage et d\u2019occasion,<\/li>\n<li>les vendeurs non professionnels. On entend par \u00ab\u00a0vendeur non professionnel ou occasionnel\u00a0\u00bb, la personne qui se livre \u00e0 la vente de biens lui appartenant, qu\u00b4elle n\u00b4a pas achet\u00e9s, fabriqu\u00e9s ou produits dans le but d\u00b4\u00eatre vendus, et qui effectue cette op\u00e9ration de mani\u00e8re occasionnelle dans le cadre de la gestion normale de son patrimoine priv\u00e9.<\/li>\n<li>Les vendeurs titulaires d\u2019inscriptions artisanales \u00e0 la BCE vendant des produits de leurs fabrications ou productions dans le respect des r\u00e8gles \u00e9mises par la loi et les organismes de contr\u00f4les\u00a0; et ce, avec accord \u00e9crit de l\u2019organisateur.<\/li>\n<\/ol>\n<p style=\"text-align: justify;\"><strong>Art. 3 : Produits dont la vente est interdite :<\/strong><\/p>\n<ol style=\"text-align: justify;\">\n<li>Y sont interdites l\u00b4exposition et la mise en vente des produits suivants :<\/li>\n<\/ol>\n<ul style=\"text-align: justify;\">\n<li>les m\u00e9dicaments, les plantes m\u00e9dicinales et les pr\u00e9parations \u00e0 base de celles-ci,<\/li>\n<li>les appareils m\u00e9dicaux ou orthop\u00e9diques,<\/li>\n<li>les articles d\u00b4optique et de lunetterie (\u00e0 l\u00b4exception des lunettes solaires sans effets correcteurs),<\/li>\n<li>les m\u00e9taux pr\u00e9cieux, les pierres pr\u00e9cieuses et fines, les perles fines, de culture ou v\u00e9ritables et les objets fabriqu\u00e9s au moyen de ceux-ci,<\/li>\n<li>les armes et les munitions,<\/li>\n<li>les pneumatiques,<\/li>\n<li>les boissons spiritueuses,<\/li>\n<li>les produits alimentaires,<\/li>\n<li>les produits neufs.<\/li>\n<\/ul>\n<ol style=\"text-align: justify;\" start=\"2\">\n<li>En outre, est interdite la diffusion, par le biais d\u00b4exposition, de vente de livres, de supports audio-visuels ou par tout autre moyen que ceux cit\u00e9s, d\u00b4id\u00e9es contraires aux bonnes m\u0153urs, d\u00b4id\u00e9es faisant l\u00b4apologie du nazisme, du fascisme, du terrorisme, du fanatisme ou de toute id\u00e9ologie contraire \u00e0 la Convention europ\u00e9enne de sauvegarde des Droits de l\u00b4Homme et des Libert\u00e9s fondamentales ou \u00e0 la D\u00e9claration universelle des Droits de l\u00b4Homme.<\/li>\n<\/ol>\n<p style=\"text-align: justify;\"><strong>Art. 4 : Autorisation de placement :<\/strong><\/p>\n<ol style=\"text-align: justify;\">\n<li>Seuls les riverains qui ont r\u00e9serv\u00e9 devant leur habitation ont un droit de pr\u00e9hension sur un emplacement pour y exercer <u>uniquement<\/u> une activit\u00e9 de vide grenier pour autant que la place soit disponible et libre d&rsquo;activit\u00e9s pr\u00e9vues par l&rsquo;organisateur.<\/li>\n<li>Le placier de l\u2019organisateur est le seul habilit\u00e9 \u00e0 attribuer un emplacement dans l\u2019espace r\u00e9serv\u00e9.<\/li>\n<li>L\u2019occupation non autoris\u00e9e ou non conforme \u00e0 l\u2019autorisation, donne lieu, si besoin en est, \u00e0 l\u2019enl\u00e8vement d\u2019office aux frais du contrevenant.<\/li>\n<li>L\u2019ensemble des structures, montages, tonnelles, sur l\u2019espace brocante de part et d\u2019autre de la voirie doivent laisser partout un passage central roulant de 4,00 m\u00e8tres de s\u00e9curit\u00e9 pour les services de secours et incendie.<\/li>\n<\/ol>\n<p style=\"text-align: justify;\"><strong>Art.5\u00a0:<\/strong> <strong>Propret\u00e9 publique :<\/strong><\/p>\n<ol style=\"text-align: justify;\">\n<li>Les brocanteurs sont tenus de proc\u00e9der soigneusement, en fin de brocante, au nettoyage de leur emplacement et d\u2019emporter tous leurs d\u00e9chets, cartonnages, papiers et autres emballages.<\/li>\n<li>Tout abandon de d\u00e9chets et d\u00b4articles invendus est passible de sanctions conform\u00e9ment au R\u00e8glement g\u00e9n\u00e9ral de Police et les frais de remise en \u00e9t\u00e9 des lieux sont factur\u00e9s au contrevenant conform\u00e9ment au r\u00e8glement-redevance sur le nettoyage de la voie publique et l\u00b4enl\u00e8vement de versages sauvages.<\/li>\n<\/ol>\n<p style=\"text-align: justify;\"><strong>Art. 6 : Modalit\u00e9s de paiement des emplacements :<\/strong><\/p>\n<ol style=\"text-align: justify;\">\n<li>L\u00b4occupation d\u00b4emplacements sur la brocante del Bov\u2019rie donne lieu au paiement d&rsquo;une redevance fix\u00e9e par la voie r\u00e9glementaire; les espaces sont de 3,00 m\u00e8tres de largeur sur une profondeur de 2,00 m\u00e8tres (6 m\u00b2) pour la somme de dix euros (10,00 \u20ac) l\u2019unit\u00e9, taxe communale de 1,25 \u20ac m\u00b2 comprise.<\/li>\n<li>La redevance est payable au comptant ou \u00e0 l\u2019avance, soit en esp\u00e8ces aupr\u00e8s du placier d\u00e9sign\u00e9 par l\u2019organisateur qui en d\u00e9livrera quittance, soit par pr\u00e9paiement bancaire;<\/li>\n<li>A d\u00e9faut de paiement de la redevance pr\u00e9vue entre les mains du placier d\u00e9sign\u00e9 \u00e0 cet effet, le jour de la brocante, l\u2019emplacement devra \u00eatre lib\u00e9r\u00e9 imm\u00e9diatement et le brocanteur sera exclu de toute participation ult\u00e9rieure \u00e0 cette brocante;<\/li>\n<\/ol>\n<p style=\"text-align: justify;\"><strong>Art. 7 : Utilisation des emplacements :<\/strong><\/p>\n<ol style=\"text-align: justify;\">\n<li>Les emplacements attribu\u00e9s sont destin\u00e9s exclusivement \u00e0 l\u2019installation d\u2019\u00e9tals et de tonnelles l\u00e9g\u00e8res. Le d\u00e9ballage sur sol est autoris\u00e9 dans le respect des limites de l&#8217;emplacement autoris\u00e9 (le num\u00e9ro de l\u00b4emplacement, lorsque celui-ci est num\u00e9rot\u00e9, doit \u00eatre visible en permanence); L\u2019utilisation de tonnelle requiert le lestage de celle-ci.<\/li>\n<li>Aucun d\u00e9ballage n\u00b4est autoris\u00e9 au-del\u00e0 de 8h30 pour la brocante del Bov\u2019rie sauf accord du placier de service. Les lieux devront \u00eatre lib\u00e9r\u00e9s de toute occupation \u00e0 17h00 au plus tard; Les v\u00e9hicules doivent \u00eatre sortis de l\u2019espace brocante entre 8h30 et 16h00; sauf accord du placier.<\/li>\n<li>Il est strictement interdit aux brocanteurs de piquer, planter ou clouer dans le rev\u00eatement du sol et sur les arbres;<\/li>\n<li>Le b\u00e9n\u00e9ficiaire doit se conformer strictement aux prescriptions fix\u00e9es par le pr\u00e9sent r\u00e8glement. Il doit veiller \u00e0 ne pas nuire \u00e0 autrui et \u00e0 ne pas compromettre la s\u00e9curit\u00e9, la salubrit\u00e9 et la tranquillit\u00e9 publiques;<\/li>\n<li>Ni la Ville de Namur, ni l\u2019organisateur, n\u2019encourt aucune responsabilit\u00e9 quant aux pr\u00e9judices, de quelque nature qu\u2019ils soient, que le brocanteur pourrait subir suite \u00e0 la d\u00e9gradation volontaire ou non du mat\u00e9riel plac\u00e9 sur la voie publique cons\u00e9cutivement \u00e0 l\u2019autorisation, soit qui seraient occasionn\u00e9s \u00e0 des tiers par un brocanteur. Le paiement d\u2019une redevance n\u2019implique pas pour la Ville de Namur, ou l\u2019organisateur, l\u2019obligation d\u2019\u00e9tablir une surveillance sp\u00e9ciale.<\/li>\n<li>L\u2019autorisation est accord\u00e9e aux risques et p\u00e9rils du b\u00e9n\u00e9ficiaire en ce qui concerne les droits \u00e9ventuels des tiers.<\/li>\n<\/ol>\n<p style=\"text-align: right;\">Pour l\u2019Organe d\u2019Administration de l\u2019a.s.b.l.<\/p>\n<p style=\"text-align: right;\">\u00ab Comit\u00e9 d\u2019Animation Culturelle de Belgrade\u00a0\u00bb,<\/p>\n<p style=\"text-align: right;\">St\u00e9phan MICHELET, Pr\u00e9sident.<\/p>\n<p style=\"text-align: right;\">Contact\u00a0: 0495 25 27 19 \u2013 BE-0649.902.077<\/p>\n<p><a href=\"https:\/\/cacbelgrade.be\/index.php\/animations\/inscriptions-brocante\/\"><strong>INSCRIPTIONS<\/strong><\/a><\/p>\n<p><a href=\"https:\/\/cacbelgrade.be\/wp-content\/uploads\/2025\/08\/BROCANTE-DE-BOV_2025.pdf\" target=\"_blank\" rel=\"noopener\">Version imprimable<\/a><\/p>\n","protected":false},"excerpt":{"rendered":"<p>BROCANTE DE BOV\u2019RIE \u00a0&#8211; REGLEMENT \u00a0\u00a0\u00a0 Anno 2026 Art. 1 :\u00a0 D\u00e9finition de l\u2019espace brocante\u00a0: il est interdit d&rsquo;utiliser l&rsquo;espace public r\u00e9serv\u00e9 \u00e0 des fins de brocantes pour toutes autres activit\u00e9s telles que ventes de boissons, de nourritures ou pour &hellip; <a href=\"https:\/\/cacbelgrade.be\/index.php\/animations\/reglement-brocante-bovrie\/\">Continuer la lecture <span class=\"meta-nav\">&rarr;<\/span><\/a><\/p>\n","protected":false},"author":1,"featured_media":0,"parent":2984,"menu_order":9,"comment_status":"closed","ping_status":"closed","template":"onecolumn-page.php","meta":{"footnotes":""},"class_list":["post-3398","page","type-page","status-publish","hentry"],"jetpack_sharing_enabled":false,"jetpack_shortlink":"https:\/\/wp.me\/P9lq1t-SO","jetpack_likes_enabled":false,"jetpack-related-posts":[],"_links":{"self":[{"href":"https:\/\/cacbelgrade.be\/index.php\/wp-json\/wp\/v2\/pages\/3398","targetHints":{"allow":["GET"]}}],"collection":[{"href":"https:\/\/cacbelgrade.be\/index.php\/wp-json\/wp\/v2\/pages"}],"about":[{"href":"https:\/\/cacbelgrade.be\/index.php\/wp-json\/wp\/v2\/types\/page"}],"author":[{"embeddable":true,"href":"https:\/\/cacbelgrade.be\/index.php\/wp-json\/wp\/v2\/users\/1"}],"replies":[{"embeddable":true,"href":"https:\/\/cacbelgrade.be\/index.php\/wp-json\/wp\/v2\/comments?post=3398"}],"version-history":[{"count":12,"href":"https:\/\/cacbelgrade.be\/index.php\/wp-json\/wp\/v2\/pages\/3398\/revisions"}],"predecessor-version":[{"id":5021,"href":"https:\/\/cacbelgrade.be\/index.php\/wp-json\/wp\/v2\/pages\/3398\/revisions\/5021"}],"up":[{"embeddable":true,"href":"https:\/\/cacbelgrade.be\/index.php\/wp-json\/wp\/v2\/pages\/2984"}],"wp:attachment":[{"href":"https:\/\/cacbelgrade.be\/index.php\/wp-json\/wp\/v2\/media?parent=3398"}],"curies":[{"name":"wp","href":"https:\/\/api.w.org\/{rel}","templated":true}]}}