{"id":3657,"date":"2024-04-16T11:15:05","date_gmt":"2024-04-16T09:15:05","guid":{"rendered":"https:\/\/cacbelgrade.be\/?page_id=3657"},"modified":"2026-04-17T07:12:20","modified_gmt":"2026-04-17T05:12:20","slug":"reservation-assiette-jambon-grille","status":"publish","type":"page","link":"https:\/\/cacbelgrade.be\/index.php\/animations\/reservation-assiette-jambon-grille\/","title":{"rendered":"R\u00e9servations repas BBQ dimanche 10\/05\/26 \u00e0 13h30"},"content":{"rendered":"<h2 style=\"text-align: center;\"><span style=\"color: #0000ff;\">R\u00e9servations &amp; paiements pour le 7 mai au plus tard<\/span><\/h2>\n\n<div class=\"wpcf7 no-js\" id=\"wpcf7-f3357-o1\" lang=\"fr-FR\" dir=\"ltr\" data-wpcf7-id=\"3357\">\n<div class=\"screen-reader-response\"><p role=\"status\" aria-live=\"polite\" aria-atomic=\"true\"><\/p> <ul><\/ul><\/div>\n<form action=\"\/index.php\/wp-json\/wp\/v2\/pages\/3657#wpcf7-f3357-o1\" method=\"post\" class=\"wpcf7-form init\" aria-label=\"Formulaire de contact\" novalidate=\"novalidate\" data-status=\"init\">\n<fieldset class=\"hidden-fields-container\"><input type=\"hidden\" name=\"_wpcf7\" value=\"3357\" \/><input type=\"hidden\" name=\"_wpcf7_version\" value=\"6.1.5\" \/><input type=\"hidden\" name=\"_wpcf7_locale\" value=\"fr_FR\" \/><input type=\"hidden\" name=\"_wpcf7_unit_tag\" value=\"wpcf7-f3357-o1\" \/><input type=\"hidden\" name=\"_wpcf7_container_post\" value=\"0\" \/><input type=\"hidden\" name=\"_wpcf7_posted_data_hash\" value=\"\" \/><input type=\"hidden\" name=\"_wpcf7cf_hidden_group_fields\" value=\"[]\" \/><input type=\"hidden\" name=\"_wpcf7cf_hidden_groups\" value=\"[]\" \/><input type=\"hidden\" name=\"_wpcf7cf_visible_groups\" value=\"[]\" \/><input type=\"hidden\" name=\"_wpcf7cf_repeaters\" value=\"[]\" \/><input type=\"hidden\" name=\"_wpcf7cf_steps\" value=\"{}\" \/><input type=\"hidden\" name=\"_wpcf7cf_options\" value=\"{&quot;form_id&quot;:3357,&quot;conditions&quot;:[],&quot;settings&quot;:{&quot;animation&quot;:&quot;yes&quot;,&quot;animation_intime&quot;:200,&quot;animation_outtime&quot;:200,&quot;conditions_ui&quot;:&quot;normal&quot;,&quot;notice_dismissed&quot;:false,&quot;notice_dismissed_rollback-cf7-5.7.5.1&quot;:true,&quot;notice_dismissed_rollback-cf7-5.8.3&quot;:true,&quot;notice_dismissed_rollback-cf7-5.9.2&quot;:true,&quot;notice_dismissed_rollback-cf7-5.9.3&quot;:true}}\" \/>\n<\/fieldset>\n<p><label> Votre nom<br \/>\n<span class=\"wpcf7-form-control-wrap\" data-name=\"your-name\"><input size=\"40\" maxlength=\"400\" class=\"wpcf7-form-control wpcf7-text wpcf7-validates-as-required\" autocomplete=\"name\" aria-required=\"true\" aria-invalid=\"false\" value=\"\" type=\"text\" name=\"your-name\" \/><\/span> <\/label>\n<\/p>\n<p><label> Votre e-mail<br \/>\n<span class=\"wpcf7-form-control-wrap\" data-name=\"your-email\"><input size=\"40\" maxlength=\"400\" class=\"wpcf7-form-control wpcf7-email wpcf7-validates-as-required wpcf7-text wpcf7-validates-as-email\" autocomplete=\"email\" aria-required=\"true\" aria-invalid=\"false\" value=\"\" type=\"email\" name=\"your-email\" \/><\/span> <\/label>\n<\/p>\n<p><label>Votre T\u00e9l\/GSM<br \/>\n<span class=\"wpcf7-form-control-wrap\" data-name=\"tel-182\"><input size=\"40\" maxlength=\"400\" class=\"wpcf7-form-control wpcf7-tel wpcf7-validates-as-required wpcf7-text wpcf7-validates-as-tel\" autocomplete=\"tel\" aria-required=\"true\" aria-invalid=\"false\" value=\"\" type=\"tel\" name=\"tel-182\" \/><\/span> <\/label>\n<\/p>\n<p><label>Je r\u00e9serve des repas adultes : <\/label><br \/>\n<span class=\"wpcf7-form-control-wrap\" data-name=\"menu-BBQ\"><select class=\"wpcf7-form-control wpcf7-select wpcf7-validates-as-required\" aria-required=\"true\" aria-invalid=\"false\" name=\"menu-BBQ\"><option value=\"Choisissez...\">Choisissez...<\/option><option value=\"Aucun repas adulte\">Aucun repas adulte<\/option><option value=\"1 repas adulte pour 15,00 \u20ac\">1 repas adulte pour 15,00 \u20ac<\/option><option value=\"2 repas adulte pour 30,00 \u20ac\">2 repas adulte pour 30,00 \u20ac<\/option><option value=\"3 repas adulte pour 45,00 \u20ac\">3 repas adulte pour 45,00 \u20ac<\/option><option value=\"4 repas adulte pour 60,00 \u20ac\">4 repas adulte pour 60,00 \u20ac<\/option><option value=\"5 repas adulte pour 75,00 \u20ac\">5 repas adulte pour 75,00 \u20ac<\/option><option value=\"6 repas adulte pour 90,00 \u20ac\">6 repas adulte pour 90,00 \u20ac<\/option><option value=\"7 repas adulte pour 105,00 \u20ac\">7 repas adulte pour 105,00 \u20ac<\/option><option value=\"8 repas adulte pour 120,00 \u20ac\">8 repas adulte pour 120,00 \u20ac<\/option><option value=\"9 repas adulte pour 135,00 \u20ac\">9 repas adulte pour 135,00 \u20ac<\/option><option value=\"10 repas adulte pour 150,00 \u20ac\">10 repas adulte pour 150,00 \u20ac<\/option><\/select><\/span>\n<\/p>\n<p><label>Paiement : <\/label><br \/>\n<span class=\"wpcf7-form-control-wrap\" data-name=\"checkbox-605\"><span class=\"wpcf7-form-control wpcf7-checkbox wpcf7-validates-as-required\"><span class=\"wpcf7-list-item first last\"><label><input type=\"checkbox\" name=\"checkbox-605[]\" value=\"Je verse le montant total de ma r\u00e9servation sur le compte bancaire BE57 0013 8595 8935 du CAC Belgrade avec la communication : Nom + nbre repas adulte\" \/><span class=\"wpcf7-list-item-label\">Je verse le montant total de ma r\u00e9servation sur le compte bancaire BE57 0013 8595 8935 du CAC Belgrade avec la communication : Nom + nbre repas adulte<\/span><\/label><\/span><\/span><\/span>\n<\/p>\n<p><label>Mise en garde : <\/label><br \/>\n<span class=\"wpcf7-form-control-wrap\" data-name=\"checkbox-cash\"><span class=\"wpcf7-form-control wpcf7-checkbox wpcf7-validates-as-required\"><span class=\"wpcf7-list-item first last\"><label><input type=\"checkbox\" name=\"checkbox-cash[]\" value=\"Je comprends que seuls les repas r\u00e9serv\u00e9s et pay\u00e9s \u00e0 l&#039;avance peuvent \u00eatre consomm\u00e9s sur place.\" \/><span class=\"wpcf7-list-item-label\">Je comprends que seuls les repas r\u00e9serv\u00e9s et pay\u00e9s \u00e0 l&#039;avance peuvent \u00eatre consomm\u00e9s sur place.<\/span><\/label><\/span><\/span><\/span>\n<\/p>\n<p><label>Autorisation RGPD : J'autorise le CAC Belgrade asbl \u00e0 traiter mes donn\u00e9es personnelles (nom, email, et t\u00e9l) dans le respect du RGPD pour r\u00e9server ce(s) repas. <\/label><br \/>\n<span class=\"wpcf7-form-control-wrap\" data-name=\"checkbox-318\"><span class=\"wpcf7-form-control wpcf7-checkbox wpcf7-validates-as-required\"><span class=\"wpcf7-list-item first last\"><label><input type=\"checkbox\" name=\"checkbox-318[]\" value=\"oui\" \/><span class=\"wpcf7-list-item-label\">oui<\/span><\/label><\/span><\/span><\/span>\n<\/p>\n<p><label> Votre message ou souhait (facultatif)<br \/>\n<span class=\"wpcf7-form-control-wrap\" data-name=\"your-message\"><textarea cols=\"40\" rows=\"10\" maxlength=\"2000\" class=\"wpcf7-form-control wpcf7-textarea\" aria-invalid=\"false\" name=\"your-message\"><\/textarea><\/span> <\/label>\n<\/p>\n<p><input class=\"wpcf7-form-control wpcf7-submit has-spinner\" type=\"submit\" value=\"Envoyer\" \/>\n<\/p><div class=\"wpcf7-response-output\" aria-hidden=\"true\"><\/div>\n<\/form>\n<\/div>\n\n<p style=\"text-align: justify;\"><strong>Paiements pour les repas sur le compte : BE57 0013 8595 8935 du CAC Belgrade avec la communication :\u00a0 \u00a0\u00bb (nombre) BBQ comit\u00e9\u00a0\u00bb .<\/strong><\/p>\n<p><strong>\u00a0 \u00a0 \u00a0 \u00a0 \u00a0 \u00a0 \u00a0 \u00a0 \u00a0 \u00a0 \u00a0 \u00a0 \u00a0 \u00a0 \u00a0 \u00a0 \u00a0 \u00a0 \u00a0 \u00a0 \u00a0 \u00a0 \u00a0 \u00a0 \u00a0 \u00a0 Paiement\u00a0 BBQ Comit\u00e9<\/strong><img data-recalc-dims=\"1\" loading=\"lazy\" decoding=\"async\" data-attachment-id=\"4038\" data-permalink=\"https:\/\/cacbelgrade.be\/index.php\/animations\/reservation-assiette-jambon-grille\/image2dimanche-bbq\/\" data-orig-file=\"https:\/\/i0.wp.com\/cacbelgrade.be\/wp-content\/uploads\/2025\/04\/Image2dimanche-bbq.png?fit=120%2C120&amp;ssl=1\" data-orig-size=\"120,120\" data-comments-opened=\"1\" data-image-meta=\"{&quot;aperture&quot;:&quot;0&quot;,&quot;credit&quot;:&quot;&quot;,&quot;camera&quot;:&quot;&quot;,&quot;caption&quot;:&quot;&quot;,&quot;created_timestamp&quot;:&quot;0&quot;,&quot;copyright&quot;:&quot;&quot;,&quot;focal_length&quot;:&quot;0&quot;,&quot;iso&quot;:&quot;0&quot;,&quot;shutter_speed&quot;:&quot;0&quot;,&quot;title&quot;:&quot;&quot;,&quot;orientation&quot;:&quot;0&quot;}\" data-image-title=\"Image2dimanche bbq\" data-image-description=\"\" data-image-caption=\"\" data-large-file=\"https:\/\/i0.wp.com\/cacbelgrade.be\/wp-content\/uploads\/2025\/04\/Image2dimanche-bbq.png?fit=120%2C120&amp;ssl=1\" class=\"size-full wp-image-4038 aligncenter\" src=\"https:\/\/i0.wp.com\/cacbelgrade.be\/wp-content\/uploads\/2025\/04\/Image2dimanche-bbq.png?resize=120%2C120&#038;ssl=1\" alt=\"\" width=\"120\" height=\"120\" \/><\/p>\n<p>&nbsp;<\/p>\n","protected":false},"excerpt":{"rendered":"<p>R\u00e9servations &amp; paiements pour le 7 mai au plus tard Paiements pour les repas sur le compte : BE57 0013 8595 8935 du CAC Belgrade avec la communication :\u00a0 \u00a0\u00bb (nombre) BBQ comit\u00e9\u00a0\u00bb . \u00a0 \u00a0 \u00a0 \u00a0 \u00a0 \u00a0 &hellip; <a href=\"https:\/\/cacbelgrade.be\/index.php\/animations\/reservation-assiette-jambon-grille\/\">Continuer la lecture <span class=\"meta-nav\">&rarr;<\/span><\/a><\/p>\n","protected":false},"author":1,"featured_media":0,"parent":2984,"menu_order":1,"comment_status":"closed","ping_status":"closed","template":"onecolumn-page.php","meta":{"jetpack_post_was_ever_published":true,"footnotes":""},"class_list":["post-3657","page","type-page","status-publish","hentry"],"jetpack_sharing_enabled":false,"jetpack_shortlink":"https:\/\/wp.me\/P9lq1t-WZ","jetpack_likes_enabled":false,"jetpack-related-posts":[],"_links":{"self":[{"href":"https:\/\/cacbelgrade.be\/index.php\/wp-json\/wp\/v2\/pages\/3657","targetHints":{"allow":["GET"]}}],"collection":[{"href":"https:\/\/cacbelgrade.be\/index.php\/wp-json\/wp\/v2\/pages"}],"about":[{"href":"https:\/\/cacbelgrade.be\/index.php\/wp-json\/wp\/v2\/types\/page"}],"author":[{"embeddable":true,"href":"https:\/\/cacbelgrade.be\/index.php\/wp-json\/wp\/v2\/users\/1"}],"replies":[{"embeddable":true,"href":"https:\/\/cacbelgrade.be\/index.php\/wp-json\/wp\/v2\/comments?post=3657"}],"version-history":[{"count":18,"href":"https:\/\/cacbelgrade.be\/index.php\/wp-json\/wp\/v2\/pages\/3657\/revisions"}],"predecessor-version":[{"id":4970,"href":"https:\/\/cacbelgrade.be\/index.php\/wp-json\/wp\/v2\/pages\/3657\/revisions\/4970"}],"up":[{"embeddable":true,"href":"https:\/\/cacbelgrade.be\/index.php\/wp-json\/wp\/v2\/pages\/2984"}],"wp:attachment":[{"href":"https:\/\/cacbelgrade.be\/index.php\/wp-json\/wp\/v2\/media?parent=3657"}],"curies":[{"name":"wp","href":"https:\/\/api.w.org\/{rel}","templated":true}]}}