{"id":3926,"date":"2024-10-14T10:12:07","date_gmt":"2024-10-14T08:12:07","guid":{"rendered":"https:\/\/cacbelgrade.be\/?page_id=3926"},"modified":"2025-12-06T09:40:51","modified_gmt":"2025-12-06T08:40:51","slug":"reglement-marche-de-noel","status":"publish","type":"page","link":"https:\/\/cacbelgrade.be\/index.php\/animations\/reglement-marche-de-noel\/","title":{"rendered":"R\u00e8glement March\u00e9 de No\u00ebl"},"content":{"rendered":"<div class=\"box-border flex w-full flex-wrap justify-center bg-background-light dark:bg-background-dark py-6 sm:py-8 md:py-12 max-w-row\">\n<div class=\"container box-border max-w-[720px] px-6 py-10 sm:p-8 md:p-12\">\n<div class=\"js-block-text prose max-w-none font-normal leading-loose text-content-900 md:prose-md lg:prose-lg prose-headings:font-bold prose-a:font-semibold prose-strong:font-bold prose-li:text-18 prose-li:leading-32 dark:text-content-100 dark:prose-headings:text-content-100 dark:prose-a:bg-navy-blue-700 dark:prose-a:text-navy-blue-100 dark:prose-a:visited:bg-navy-blue-700 dark:prose-a:visited:text-teal-200 dark:prose-a:hover:bg-navy-blue-500 dark:prose-a:hover:text-navy-blue-100 dark:prose-a:focus:outline-focus dark:prose-blockquote:text-sand-100 dark:prose-code:text-sand-100 dark:prose-pre:bg-[#1f2227] dark:prose-pre:text-[#639bee] dark:prose-thead:bg-purple-500 dark:prose-thead:text-primary dark:prose-tr:border-b-purple-500 dark:prose-hr:border-navy-blue-800 lg:prose-h1:text-36 lg:prose-h1:leading-[2.75rem] lg:prose-h2:text-28 lg:prose-h2:leading-[2.125rem] lg:prose-h3:text-24 lg:prose-h3:leading-[1.8125rem] lg:prose-p:text-16 lg:prose-p:leading-32 lg:prose-blockquote:py-60 lg:prose-blockquote:pl-[6rem] lg:prose-blockquote:pr-80 lg:prose-li:text-16 lg:prose-li:leading-32 first-letter:float-left first-letter:-ml-2 first-letter:mb-0 first-letter:mr-0 first-letter:mt-[.2rem] first-letter:pr-10 first-letter:text-60 first-letter:font-bold first-letter:not-italic first-letter:leading-none\">\n<div data-elbcontext=\"area:link\" data-elb-navigation=\"url:#href\">\n<p><span style=\"text-decoration: underline;\"><span style=\"color: #ff0000;\"><strong>OBLIGATIONS.<\/strong><\/span><\/span><\/p>\n<p style=\"text-align: justify;\"><strong>Les march\u00e9s de No\u00ebl sont de retour. L\u2019occasion d\u2019acheter des croustillons, du vin chaud ou des objets artisanaux, mais aussi de louer un chalet pour vendre ses produits. Voici les d\u00e9marches \u00e0 accomplir pour vendre sur un march\u00e9 de No\u00ebl.<\/strong><\/p>\n<div id=\"inread-container\">\n<p class=\"rs_skip\" style=\"text-align: justify;\"><span style=\"font-size: 16px;\">Pendant toute l\u2019ann\u00e9e, les brocantes sont ouvertes aux vendeurs non professionnels qui veulent se d\u00e9barrasser d\u2019objets qui leur appartenaient. C\u2019est ce qu\u2019on appelle en France les vide-greniers. Mais sur les march\u00e9s de No\u00ebl, \u00e7a n\u2019existe pratiquement pas. Pour pouvoir vendre des objets qu\u2019on a fabriqu\u00e9s, qu\u2019on a achet\u00e9s dans le but de les revendre, de la nourriture ou des boissons, il s\u2019agit d\u2019une activit\u00e9 commerciale et<span style=\"text-decoration: underline;\">\u00a0<\/span><\/span><span style=\"text-decoration: underline;\">il faut \u00eatre inscrit comme vendeur ind\u00e9pendant<span style=\"font-size: 16px;\">.<\/span><\/span><\/p>\n<div><strong style=\"font-size: 16px;\">Faut-il \u00eatre un commer\u00e7ant professionnel pour louer un chalet ou un emplacement sur un march\u00e9 de No\u00ebl ?<\/strong><\/div>\n<\/div>\n<\/div>\n<\/div>\n<\/div>\n<\/div>\n<div class=\"box-border flex w-full flex-wrap justify-center bg-background-light dark:bg-background-dark py-6 sm:py-8 md:py-12 max-w-row\">\n<div class=\"container box-border max-w-[720px] px-6 py-10 sm:p-8 md:p-12\">\n<div class=\"js-block-text prose max-w-none font-normal leading-loose text-content-900 md:prose-md lg:prose-lg prose-headings:font-bold prose-a:font-semibold prose-strong:font-bold prose-li:text-18 prose-li:leading-32 dark:text-content-100 dark:prose-headings:text-content-100 dark:prose-a:bg-navy-blue-700 dark:prose-a:text-navy-blue-100 dark:prose-a:visited:bg-navy-blue-700 dark:prose-a:visited:text-teal-200 dark:prose-a:hover:bg-navy-blue-500 dark:prose-a:hover:text-navy-blue-100 dark:prose-a:focus:outline-focus dark:prose-blockquote:text-sand-100 dark:prose-code:text-sand-100 dark:prose-pre:bg-[#1f2227] dark:prose-pre:text-[#639bee] dark:prose-thead:bg-purple-500 dark:prose-thead:text-primary dark:prose-tr:border-b-purple-500 dark:prose-hr:border-navy-blue-800 lg:prose-h1:text-36 lg:prose-h1:leading-[2.75rem] lg:prose-h2:text-28 lg:prose-h2:leading-[2.125rem] lg:prose-h3:text-24 lg:prose-h3:leading-[1.8125rem] lg:prose-p:text-16 lg:prose-p:leading-32 lg:prose-blockquote:py-60 lg:prose-blockquote:pl-[6rem] lg:prose-blockquote:pr-80 lg:prose-li:text-16 lg:prose-li:leading-32\">\n<div data-elbcontext=\"area:link\" data-elb-navigation=\"url:#href\">\n<p style=\"text-align: justify;\">Ce sont g\u00e9n\u00e9ralement des commer\u00e7ants professionnels s\u00e9dentaires ou ambulants, mais il est\u00a0<span style=\"text-decoration: underline;\">possible de vendre en tant qu\u2019ind\u00e9pendant compl\u00e9mentaire<\/span>. Un salari\u00e9, un fonctionnaire ou un pensionn\u00e9\u00a0qui tricote des pulls, qui bricole des d\u00e9corations de No\u00ebl ou qui est le roi du vin chaud \u00e0 la cannelle, peut vendre sur un march\u00e9 en tant qu\u2019ind\u00e9pendant compl\u00e9mentaire. Un ind\u00e9pendant compl\u00e9mentaire paie, logiquement, moins de cotisations sociales qu\u2019un ind\u00e9pendant \u00e0 titre principal, mais\u00a0<span style=\"text-decoration: underline;\">les obligations administratives sont les m\u00eames.<\/span><\/p>\n<\/div>\n<\/div>\n<\/div>\n<\/div>\n<div class=\"box-border flex w-full flex-wrap justify-center bg-background-light dark:bg-background-dark py-6 sm:py-8 md:py-12 max-w-row\">\n<div class=\"container box-border max-w-[720px] px-6 py-10 sm:p-8 md:p-12\">\n<div class=\"js-block-text prose max-w-none font-normal leading-loose text-content-900 md:prose-md lg:prose-lg prose-headings:font-bold prose-a:font-semibold prose-strong:font-bold prose-li:text-18 prose-li:leading-32 dark:text-content-100 dark:prose-headings:text-content-100 dark:prose-a:bg-navy-blue-700 dark:prose-a:text-navy-blue-100 dark:prose-a:visited:bg-navy-blue-700 dark:prose-a:visited:text-teal-200 dark:prose-a:hover:bg-navy-blue-500 dark:prose-a:hover:text-navy-blue-100 dark:prose-a:focus:outline-focus dark:prose-blockquote:text-sand-100 dark:prose-code:text-sand-100 dark:prose-pre:bg-[#1f2227] dark:prose-pre:text-[#639bee] dark:prose-thead:bg-purple-500 dark:prose-thead:text-primary dark:prose-tr:border-b-purple-500 dark:prose-hr:border-navy-blue-800 lg:prose-h1:text-36 lg:prose-h1:leading-[2.75rem] lg:prose-h2:text-28 lg:prose-h2:leading-[2.125rem] lg:prose-h3:text-24 lg:prose-h3:leading-[1.8125rem] lg:prose-p:text-16 lg:prose-p:leading-32 lg:prose-blockquote:py-60 lg:prose-blockquote:pl-[6rem] lg:prose-blockquote:pr-80 lg:prose-li:text-16 lg:prose-li:leading-32\">\n<p class=\"text-purple-900 dark:text-white\"><strong>Quelles sont les obligations administratives\u00a0?<\/strong><\/p>\n<\/div>\n<\/div>\n<\/div>\n<div class=\"box-border flex w-full flex-wrap justify-center bg-background-light dark:bg-background-dark py-6 sm:py-8 md:py-12 max-w-row\">\n<div class=\"container box-border max-w-[720px] px-6 py-10 sm:p-8 md:p-12\">\n<div class=\"js-block-text prose max-w-none font-normal leading-loose text-content-900 md:prose-md lg:prose-lg prose-headings:font-bold prose-a:font-semibold prose-strong:font-bold prose-li:text-18 prose-li:leading-32 dark:text-content-100 dark:prose-headings:text-content-100 dark:prose-a:bg-navy-blue-700 dark:prose-a:text-navy-blue-100 dark:prose-a:visited:bg-navy-blue-700 dark:prose-a:visited:text-teal-200 dark:prose-a:hover:bg-navy-blue-500 dark:prose-a:hover:text-navy-blue-100 dark:prose-a:focus:outline-focus dark:prose-blockquote:text-sand-100 dark:prose-code:text-sand-100 dark:prose-pre:bg-[#1f2227] dark:prose-pre:text-[#639bee] dark:prose-thead:bg-purple-500 dark:prose-thead:text-primary dark:prose-tr:border-b-purple-500 dark:prose-hr:border-navy-blue-800 lg:prose-h1:text-36 lg:prose-h1:leading-[2.75rem] lg:prose-h2:text-28 lg:prose-h2:leading-[2.125rem] lg:prose-h3:text-24 lg:prose-h3:leading-[1.8125rem] lg:prose-p:text-16 lg:prose-p:leading-32 lg:prose-blockquote:py-60 lg:prose-blockquote:pl-[6rem] lg:prose-blockquote:pr-80 lg:prose-li:text-16 lg:prose-li:leading-32\">\n<div data-elbcontext=\"area:link\" data-elb-navigation=\"url:#href\">\n<p style=\"text-align: justify;\"><span style=\"text-decoration: underline;\">Les obligations sont nombreuses\u00a0<\/span>: \u00eatre inscrit \u00e0 la Banque-carrefour des entreprises pour obtenir un num\u00e9ro d\u2019entreprise, \u00eatre enregistr\u00e9 \u00e0 la TVA, \u00eatre client d\u2019un secr\u00e9tariat social pour \u00e9ventuellement payer des cotisations sociales. Pour vendre de la nourriture, il faut \u00e9galement une autorisation de l\u2019Afsca, l\u2019Agence f\u00e9d\u00e9rale pour la s\u00e9curit\u00e9 de la cha\u00eene alimentaire. Depuis d\u00e9cembre 2024, la R\u00e9gion Wallonne a supprim\u00e9 la carte d&rsquo;ambulant et de forain.<\/p>\n<p style=\"text-align: justify;\">C\u2019est devenu plus simple qu\u2019il n\u2019y para\u00eet depuis la cr\u00e9ation des guichets d\u2019entreprises en 2003. Il en existe huit en Belgique, dont les plus connus sont Securex, Partena, UCM, Liantis et Xerius et dans lesquels <span style=\"text-decoration: underline;\">des conseillers sp\u00e9cialis\u00e9s en cr\u00e9ation d\u2019entreprise s\u2019occupent des d\u00e9marches.<\/span> Le service est gratuit, mais il faut payer 101 euros pour l\u2019inscription \u00e0 la Banque-carrefour. Les cotisations sociales sont r\u00e9duites pour les ind\u00e9pendants compl\u00e9mentaires, et pas de TVA pour les chiffres d\u2019affaires inf\u00e9rieurs \u00e0 25.000 euros.<\/p>\n<p><span style=\"text-decoration: underline;\"><span style=\"color: #ff0000;\"><strong>EXCEPTIONS :<\/strong><\/span><\/span><\/p>\n<div class=\"article-paragraphs\">\n<div style=\"text-align: justify;\">\n<p id=\"4900dc13-e08a-48aa-89b4-5d034c281a64\" class=\"article-paragraph\">Si vous participez tr\u00e8s occasionnellement \u00e0 un march\u00e9 de No\u00ebl pour vendre des objets fabriqu\u00e9s vous-m\u00eame (artisanat, p\u00e2tisserie, bijoux, d\u00e9corations, \u0153uvres d&rsquo;artiste, etc.) ou proposer des articles vendus au profit d&rsquo;une association (T\u00e9l\u00e9vie, Cap48, etc.) :<br \/>\n\u2022 Ce n\u2019est pas une activit\u00e9 professionnelle : pas besoin d\u2019inscription \u00e0 la BCE, ni \u00e0 la TVA.<br \/>\n\u2022 En th\u00e9orie, il s\u2019agit d\u2019un revenu divers au sens de l\u2019article 90, 1\u00b0 CIR 92.<br \/>\n\u2022 En pratique, le SPF Finances ne taxe pas les ventes occasionnelles de faible importance et \u00e0 caract\u00e8re non lucratif (artisanat local, march\u00e9 de quartier, activit\u00e9 associative).<\/p>\n<\/div>\n<div style=\"text-align: justify;\"><strong style=\"font-size: 16px;\"><span style=\"text-decoration: underline;\"><span style=\"color: #ff0000; text-decoration: underline;\">REGLEMENT DU MARCH\u00c9 DE NO\u00cbL DE BELGRADE :<\/span><\/span><\/strong><\/div>\n<\/div>\n<\/div>\n<\/div>\n<\/div>\n<\/div>\n<ol>\n<li>Les exposants et artisans seront en r\u00e8gle administrativement comme d\u00e9crit ci dessus.<\/li>\n<li>Les produits propos\u00e9s \u00e0 la vente seront conformes \u00e0 la r\u00e9glementation de l&rsquo;AFSCA.<\/li>\n<li>Les exposants seront identifiables par le client (affichage de mentions l\u00e9gales).<\/li>\n<li>Les exposants satisferont \u00e0 l&rsquo;obligation d&rsquo;un moyen de paiement \u00e9lectronique. (QR Code accept\u00e9)<\/li>\n<li>Les articles ou services propos\u00e9s \u00e0 la vente correspondront \u00e0 l&rsquo;id\u00e9e du march\u00e9 de No\u00ebl.<\/li>\n<li>Les exposants peuvent vendre des produits alimentaires qui ne concurrencent pas l&rsquo;offre de l&rsquo;organisateur.<\/li>\n<li>Les emplacements seront pay\u00e9s AVANT toute vente.<\/li>\n<\/ol>\n<h1 style=\"text-align: center;\"><\/h1>\n","protected":false},"excerpt":{"rendered":"<p>OBLIGATIONS. Les march\u00e9s de No\u00ebl sont de retour. L\u2019occasion d\u2019acheter des croustillons, du vin chaud ou des objets artisanaux, mais aussi de louer un chalet pour vendre ses produits. Voici les d\u00e9marches \u00e0 accomplir pour vendre sur un march\u00e9 de &hellip; <a href=\"https:\/\/cacbelgrade.be\/index.php\/animations\/reglement-marche-de-noel\/\">Continuer la lecture <span class=\"meta-nav\">&rarr;<\/span><\/a><\/p>\n","protected":false},"author":1,"featured_media":0,"parent":2984,"menu_order":4,"comment_status":"closed","ping_status":"closed","template":"onecolumn-page.php","meta":{"jetpack_post_was_ever_published":true,"footnotes":""},"class_list":["post-3926","page","type-page","status-publish","hentry"],"jetpack_sharing_enabled":false,"jetpack_shortlink":"https:\/\/wp.me\/P9lq1t-11k","jetpack_likes_enabled":false,"jetpack-related-posts":[],"_links":{"self":[{"href":"https:\/\/cacbelgrade.be\/index.php\/wp-json\/wp\/v2\/pages\/3926","targetHints":{"allow":["GET"]}}],"collection":[{"href":"https:\/\/cacbelgrade.be\/index.php\/wp-json\/wp\/v2\/pages"}],"about":[{"href":"https:\/\/cacbelgrade.be\/index.php\/wp-json\/wp\/v2\/types\/page"}],"author":[{"embeddable":true,"href":"https:\/\/cacbelgrade.be\/index.php\/wp-json\/wp\/v2\/users\/1"}],"replies":[{"embeddable":true,"href":"https:\/\/cacbelgrade.be\/index.php\/wp-json\/wp\/v2\/comments?post=3926"}],"version-history":[{"count":13,"href":"https:\/\/cacbelgrade.be\/index.php\/wp-json\/wp\/v2\/pages\/3926\/revisions"}],"predecessor-version":[{"id":4894,"href":"https:\/\/cacbelgrade.be\/index.php\/wp-json\/wp\/v2\/pages\/3926\/revisions\/4894"}],"up":[{"embeddable":true,"href":"https:\/\/cacbelgrade.be\/index.php\/wp-json\/wp\/v2\/pages\/2984"}],"wp:attachment":[{"href":"https:\/\/cacbelgrade.be\/index.php\/wp-json\/wp\/v2\/media?parent=3926"}],"curies":[{"name":"wp","href":"https:\/\/api.w.org\/{rel}","templated":true}]}}