{"id":4422,"date":"2025-10-05T06:30:17","date_gmt":"2025-10-05T04:30:17","guid":{"rendered":"https:\/\/cacbelgrade.be\/?page_id=4422"},"modified":"2025-10-05T07:26:45","modified_gmt":"2025-10-05T05:26:45","slug":"formulaire-benevolat","status":"publish","type":"page","link":"https:\/\/cacbelgrade.be\/index.php\/legal\/formulaire-benevolat\/","title":{"rendered":"Formulaire B\u00e9n\u00e9volat"},"content":{"rendered":"<p>Si vous b\u00e9n\u00e9ficiez d&rsquo;allocations de la mutuelle, vous devez demandez l&rsquo;autorisation du m\u00e9decin conseil pour devenir b\u00e9n\u00e9vole dans notre asbl.<\/p>\n<p><a href=\"https:\/\/cacbelgrade.be\/wp-content\/uploads\/2025\/10\/formulaire-demande-volontariat.pdf\" target=\"_blank\" rel=\"noopener\">T\u00e9l\u00e9charger le formulaire \u00e0 remplir et rentrer \u00e0 votre mutuelle<\/a>.<\/p>\n<p>&nbsp;<\/p>\n<p>Si vous b\u00e9n\u00e9ficiez d&rsquo;allocation de ch\u00f4mage, vous devez demandez l&rsquo;autorisation \u00e0 l&rsquo;Onem pour devenir b\u00e9n\u00e9vole dans notre asbl.<\/p>\n<p><a href=\"https:\/\/cacbelgrade.be\/wp-content\/uploads\/2025\/10\/2022-Formulaire-C45B.pdf\" target=\"_blank\" rel=\"noopener\">T\u00e9l\u00e9charger le formulaire \u00e0 remplir et rentrer \u00e0 l&rsquo;ONEM<\/a> via votre syndicat ou directement.<\/p>\n","protected":false},"excerpt":{"rendered":"<p>Si vous b\u00e9n\u00e9ficiez d&rsquo;allocations de la mutuelle, vous devez demandez l&rsquo;autorisation du m\u00e9decin conseil pour devenir b\u00e9n\u00e9vole dans notre asbl. T\u00e9l\u00e9charger le formulaire \u00e0 remplir et rentrer \u00e0 votre mutuelle. &nbsp; Si vous b\u00e9n\u00e9ficiez d&rsquo;allocation de ch\u00f4mage, vous devez demandez &hellip; <a href=\"https:\/\/cacbelgrade.be\/index.php\/legal\/formulaire-benevolat\/\">Continuer la lecture <span class=\"meta-nav\">&rarr;<\/span><\/a><\/p>\n","protected":false},"author":1,"featured_media":0,"parent":731,"menu_order":3,"comment_status":"closed","ping_status":"closed","template":"onecolumn-page.php","meta":{"jetpack_post_was_ever_published":false,"footnotes":""},"class_list":["post-4422","page","type-page","status-publish","hentry"],"jetpack_sharing_enabled":false,"jetpack_shortlink":"https:\/\/wp.me\/P9lq1t-19k","jetpack_likes_enabled":false,"jetpack-related-posts":[],"_links":{"self":[{"href":"https:\/\/cacbelgrade.be\/index.php\/wp-json\/wp\/v2\/pages\/4422","targetHints":{"allow":["GET"]}}],"collection":[{"href":"https:\/\/cacbelgrade.be\/index.php\/wp-json\/wp\/v2\/pages"}],"about":[{"href":"https:\/\/cacbelgrade.be\/index.php\/wp-json\/wp\/v2\/types\/page"}],"author":[{"embeddable":true,"href":"https:\/\/cacbelgrade.be\/index.php\/wp-json\/wp\/v2\/users\/1"}],"replies":[{"embeddable":true,"href":"https:\/\/cacbelgrade.be\/index.php\/wp-json\/wp\/v2\/comments?post=4422"}],"version-history":[{"count":3,"href":"https:\/\/cacbelgrade.be\/index.php\/wp-json\/wp\/v2\/pages\/4422\/revisions"}],"predecessor-version":[{"id":4427,"href":"https:\/\/cacbelgrade.be\/index.php\/wp-json\/wp\/v2\/pages\/4422\/revisions\/4427"}],"up":[{"embeddable":true,"href":"https:\/\/cacbelgrade.be\/index.php\/wp-json\/wp\/v2\/pages\/731"}],"wp:attachment":[{"href":"https:\/\/cacbelgrade.be\/index.php\/wp-json\/wp\/v2\/media?parent=4422"}],"curies":[{"name":"wp","href":"https:\/\/api.w.org\/{rel}","templated":true}]}}